 + -1).
6
-4 + (0 - 1) - (-2 + 4)
-7
What is (0 - -8) + (46 - 50)?
4
0 - 1 - (-13 + 11) - 4
-3
What is (2 + -4 - -1) + 2?
1
1 - (-5 + -1 + -2 + 6)
3
Calculate -6 - (1 - (14 + -2)).
5
Evaluate (-5 - 0) + 7 - -2.
4
Calculate -1 - (-2 - -8) - -4.
-3
(-4 - -6) + (-5 - -10)
7
(-5 + -9 - -12) + -1
-3
(-3 - -2) + 7 - 7 - 9
-10
Evaluate 5 + (-28 + 37 - (-2 - -8)).
8
Evaluate -5 + -2 + (19 - 21).
-9
What is -12 + (16 + -8 - -2)?
-2
Evaluate (0 - -1) + -1 - (-171 + 170).
1
9 - 3 - (6 + 0 + -2)
2
What is the value of 3 + -1 + (-4 - -4) - -1?
3
-11 + 0 + 6 + 10
5
What is (12 - 10) + -2 + 5?
5
Evaluate -4 - (-1 - 2) - (-10 - -5).
4
Calculate 6 + -1 - (21 - 12).
-4
What is the value of (-12 - 2 - -18) + -4?
0
What is 14 - (-8 + 21 + 4)?
-3
Calculate 8 + -3 + -1 + -14 + 3.
-7
What is the value of (1 - -14) + -8 - 7?
0
Calculate (-87 - -92) + 0 + -4.
1
Calculate (-1 - -3) + 4 - 7.
-1
What is the value of -1 + 3 + 1 - (-36 - -40)?
-1
Evaluate 119 + -129 - (-1 - 14).
5
Calculate (-3 - (2 + -3)) + -2 + 6.
2
Calculate -3 + -1 + (4 - 3) + 6.
3
Calculate 1 + 3 + (5 - 9) + 3.
3
What is the value of -32 + 29 - (-1 + 3)?
-5
What is (0 - 2) + 1 + 0?
-1
What is (3 - -8 - -1) + 10 + -15?
7
What is (11 - (12 + -8)) + -7?
0
-1 - 1 - (-17 - (5 + -17))
3
Calculate 3 - ((-1 + 1 - 0) + 4).
-1
1 + -1 + 2 + -2 + 1
1
(0 - 2) + 0 + 4 + -3
-1
What is (-3 - -3) + (25 - 15)?
10
What is the value of 6 + (-2 - (2 - -2)) + 4?
4
98 + -89 + (-1 - -2)
10
Evaluate -5 + (0 - 6) + 8.
-3
What is 4 + (-1 - -2 - 2)?
3
What is the value of -9 + 13 + -7 + 7?
4
Evaluate -10 - ((6 - (11 + -1)) + -1).
-5
Calculate (-75 - -86) + -6 + (0 - 1).
4
Calculate 7 + -2 + -1 + 0.
4
2 + (-3 - (4 + 7 + -9))
-3
What is -4 - (1 - (2 - -1))?
-2
1 - 6 - (5 - (2 - -5))
-3
What is the value of -10 - -4 - (2 + -6 + 0)?
-2
Evaluate 2 + -4 + -6 + 12.
4
What is the value of (5 - 0) + 8 + -6?
7
What is 2 + -1 + 3 + -3?
1
What is the value of (-13 - -11) + 0 + 2 - 3?
-3
What is the value of -12 + 7 + (1 - -1)?
-3
Calculate 32 + -33 - (1 + -1) - -2.
1
What is -2 - (3 + -5 + -3 + 1)?
2
-5 + (-3 - -3) + 1 - -1
-3
What is -3 + (-2 + -1 - (-15 - -13))?
-4
0 + -5 - (65 + -73)
3
Calculate 3 + (0 - (-2 + (4 - 3))).
4
What is the value of -68 - -66 - (-11 - -1)?
8
What is (0 - 0) + -2 + 2 + -2?
-2
Calculate 3 - 1 - (-4 + 2).
4
Evaluate -3 - 2 - (-2 + 0 - 1).
-2
Calculate -8 - -9 - (-4 + 1).
4
8 - (-6 + 15) - (2 + 0)
-3
-3 + 5 - (2 + -1 + 0)
1
What is (-4 - -13) + (6 - 13)?
2
(-4 + 9 - 6) + 7
6
Calculate (1 - 1) + (-13 - -9).
-4
What is -6 - (-5 - (1 + -3))?
-3
Calculate 7 - -4 - (12 - 3).
2
7 - (3 + -1 - (-2 + 3))
6
Calculate 14 - (-10 + 8 - -7).
9
What is the value of (-3 + -2 - 2) + (-106 - -113)?
0
Evaluate 3 + (0 - -2) + -2 - 2.
1
Evaluate -2 + (15 + -16 - (-4 - 0)).
1
Calculate -3 + 8 + (-7 - -3).
1
-13 + 11 + 3 + 0 + 2
3
-7 + 16 - 10 - 1
-2
Calculate -10 - -9 - -1 - (-9 - -2).
7
What is the value of 14 - (24 - (-3 + 12))?
-1
What is 6 - -1 - (5 + -4)?
6
What is (-10 - -9) + 7 - 13?
-7
Calculate -8 - (-29 - (-4 - 7)).
10
Evaluate (12 - (13 - -1)) + -5.
-7
What is 4 + (-4 - (-5 - (3 + -10)))?
-2
What is the value of (6 - 6 - 1) + 1 + -3?
-3
Calculate 7 + (-11 - -6) - 7.
-5
9 - (8 + -2) - (3 - 0)
0
Evaluate -39 + 35 + 1 + 5.
2
Evaluate -4 - ((-5 - 0) + -3).
4
What is the value of -7 - ((-7 - (7 + -7)) + 7)?
-7
What is the value of -3 - ((3 - -2) + -8 - 0)?
0
What is the value of (-13 - (-15 - -4)) + 3?
1
What is the value of 0 + 4 + -7 - -2?
-1
What is the value of -6 + (0 - 1) + 2?
-5
What is the value of 3 + -1 + 3 + -2 + -3?
0
2 - 1 - (28 + -31)
4
2 + (0 - (7 + -7))
2
Evaluate -4 - (-4 - (1 - 2)).
-1
What is the value of 42 + -43 - (-3 - -10)?
-8
What is the value of (-1 + 19 - 23) + -1 + 14?
8
What is the value of -13 - -9 - (1 - (3 - -5))?
3
Evaluate -3 + (-8 - -5) + -1.
-7
What is -5 + (-5 + 1 + 0 - -6)?
-3
23 - 18 - (3 - 0)
2
-59 + 64 + -2 + (-10 - -2)
-5
8 - ((-2 - 0) + (11 - -5))
-6
What is (4 - 1) + 15 + -14 + -4?
0
What is the value of -11 + (-9 - -23) + -7?
-4
(-5 - -3 - 6) + 5
-3
What is (41 - 43) + (-3 - 0 - -13)?
8
(7 - (0 + 0)) + -11 + 8
4
Evaluate -17 + 11 - -10 - 11.
-7
Evaluate 3 - (-8 + 13 - 3).
1
What is the value of -3 + (-2 - (-1 - -1))?
-5
4 - (-4 + (4 - 5) + 6)
3
Evaluate 0 + 2 + (6 - 2) - 2.
4
-16 + 13 - (-1 - 6)
4
Evaluate -3 + (0 + -1 - -5 - 1).
0
-8 - ((-3 - -8) + -8)
-5
What is -10 + (-4 + -3 - -11)?
-6
What is the value of -20 + 23 - (-1 + 5)?
-1
Evaluate -5 + 1 + -12 - (3 + -11).
-8
(7 - 3) + 1 + -6 + 5
4
What is the value of 15 + -1 + 4 + -21?
-3
What is (2 + -7 - (-4 + 6)) + 2?
-5
(6 + -5 - 2 - 2) + 4
1
Evaluate 2 - -4 - (3 - 1).
4
What is the value of (9 - 1) + (-10 - 5) + 13?
6
What is -6 + 0 + (1 + -8 - -9)?
-4
What is 3 + -2 + (3 - 0)?
4
What is the value of 0 + -1 + (4 - -3) + -4?
2
Calculate -1 - 0 - (2 + -9 + 4).
2
What is (-5 - 8) + 5 + 11 + 3?
6
What is the value of 3 + 0 + -6 + 3 - 3?
-3
Evaluate 0 + (-7 - -2 - (-4 - 0)).
-1
Calculate (14 - (13 - 1)) + -10.
-8
Calculate 3 - (-3 - (-6 + -2)).
-2
What is the value of (-2 - -8) + -2 + -3 - -4?
5
Evaluate (-13 - -7) + 5 + -2.
-3
What is the value of -9 + (5 - 1) - -3?
-2
Calculate -7 + 13 + -13 + 7.
0
Evaluate -3 - -11 - (-6 - -9).
5
What is 4 - 4 - (10 - 0) - -4?
-6
Calculate -1 + -1 + (4 - 0 - 4).
-2
What is (-6 - -13 - 13 - 8) + 7?
-7
Calculate -26 + 28 - (-1 - -2).
1
What is (5 - (-3 - -4)) + (2 - 5)?
1
Calculate (0 - 0) + (13 - (6 - -1)).
6
Calculate (-3 - -8) + -3 + -4 + -1.
-3
What is the value of 1 - -1 - ((-5 - -2) + 6)?
-1
3 + 4 + -11 + 0
-4
Evaluate -15 + 10 + 2 + 8.
5
What is the value of -3 + (5 + 2 - 1)?
3
What is 4 + -1 - (-26 + 31)?
-2
3 - 5 - -1 - -2
1
What is the value of 5 - ((-8 - -8) + 0 - -5)?
0
Evaluate 12 + (-31 - -15) + -2 + 6.
0
Calculate -3 - (6 + 1 - 4).
-6
Calculate 7 - (14 + -7) - -4 - 6.
-2
Evaluate 8 + 0 + -4 - 0 - 8.
-4
Calculate (-7 + 2 - -6) + -4 - -8.
5
Evaluate (-5 - (2 - (-1 + 5))) + -1.
-4
Evaluate -2 - (3 + 0 + -10).
5
What is the value of 29 + -37 - (-2 + -8)?
2
Evaluate -5 + (7 - -4) + -8.
-2
Calculate -36 + 32 - (-6 + 0).
2
What is the value of (4 - -1 - 0) + -5?
0
Evaluate 4 - (-7 - -21) - -7.
-3
2 - (0 + (7 - 4))
-1
Calculate 0 + -3 + -1 - -8.
4
6 + (1 - 7) + 4
4
What is -5 - (5 + -5 + -1 + 2)?
-6
Calculate -3 - -6 - (2 - (0 - 2)).
-1
What is (-5 - -2) + (2 - 3)?
-4
Evaluate (7 - 5) + (-1 - -6).
7
3 + -9 + (-2 - 2)
-10
Calculate 0 - (-3 + 5 + -2 - -1).
-1
Calculate -6 + 4 + -6 - -4.
-4
What is -4 + 0 + 3 + 1?
0
What is 6 + (-2 - 2) + 0?
2
-2 - -3 - (-8 - -4)
5
(-4 - (8 - 4)) + 3
-5
Calculate (-1 - -4) + (-12 - -3) + 3.
-3
Calculate 5 + -5 + (2 - (-3 - -1)).
4
Calculate 7 + -14 + 3 - -11.
7
-2 + 9 + -5 + 0
2
What is the value of 37 + -34 + 6 + 0 + 2?
11
What is 1 - (-2 + (6 - 4) + -1)?
2
What is 1 + -12 - (8 + -19)?
0
What is the value of (-10 - -5) + 5 - (3 + 1)?
-4
10 + -4 + (-7 - (-8 - -3))
4
Evaluate -5 - -3 - -5 - (9 + -5).
-1
What is the value of -1 - (-4 - (6 - 4))?
5
What is the value of ((-2 - 0) + 2 - -1) + 4?
5
5 + -2 + -2 - (-6 - -2)
5
What is 2 + -9 + 24 + -21 + -3?
-7
3 - (4 + -1 - (7 + -12))
-5
Evaluate 16 + -23 + (0 - -5).
-2
What is -2 + (4 - (-1 - 3))?
6
What is the value of 0 + 11 + -7 - (4 + -6)?
6
What is -4 + -1 - (-25 + 16) - 0?
4
(-1 + 1 - (6 - 8)) + -3
-1
What is 26 - 22 - ((0 - -3) + -5)?
6
Calculate (8 - -2) + -4 + -6.
0
5 - (5 + -2 - -1)
1
What is -10 - (8 + -19 - 1)?
2
-2 - (-6 - -9) - (-1 + 0)
-4
What is -1 - (-4 + 4 + 4)?
-5
What is 3 - (-13 - (-12 + -2))?
2
What is 4 + -3 + -11 + 8?
-2
Evaluate 2 - (-5 - -7) - -7.
7
Calculate -2 + (-2 - -3 - 3).
-4
(37 - 35) + -1 + 4 + -5
0
What is -3 + -3 + 9 + -7?
-4
2 - (0 - 3) - (-1 - -2)
4
What is the value of 2 + (5 + -5 - 3)?
-1
-3 + (11 - 6) + -5
-3
What is the value of 4 - (-1 + 2 + -5) - 5?
3
What is the value of -4 + -2 + -2 + 15?
7
8 + (-5 - (-7 + 9 + -3))
4
What is -1 + -2 + 13 + -4 + -9?
-3
What is the value of -5 + 11 + (3 - 4)?
5
What is the value of -8 + 10 + (0 - (4 + -1))?
-1
-3 - -3 - (6 - (6 - 3))
-3
What is 1 - 1 - 1 - (870 + -875)?
4
Evaluate (5 + -7 - (4 - 1)) + 5.
0
Evaluate 3 + 2 + (4 - (9 + -9)).
9
What is the value of -4 + -2 + 3 - -5 - 0?
2
What is (6 - 2) + -2 - (-29 - -30)?
1
-3 + -2 + 5 + 1 + 4
5
Calculate 1 + 1 - (1 + -3 + 2).
2
-2 - -1 - (15 - 11)
-5
What is the value of -1 + 0 - -5 - (-5 + 4)?